derivative of -z**6/120 + z**5/60 - z**3/2 + 2*z**2 - 25. Determine n(4).
-51
Let t(f) = 97*f**3 - 2*f**2 + 2*f - 1. Let v = -5162 - -5163. Determine t(v).
96
Let n(h) = -2*h + 21. Suppose 0 = 4*o + 3*g - 797, -5*g - 26 = -o + 156. Let u = -186 + o. Calculate n(u).
-1
Let o(p) be the second derivative of -p**3/6 + 3*p**2 + 3*p - 21. Let s = -144 + 154. Calculate o(s).
-4
Let y(h) be the third derivative of 0*h + 2/3*h**3 - 1/24*h**4 + h**2 + 0. Let z be (-23)/3 + (-2)/(-3). Calculate y(z).
11
Let o(x) = -2*x - 72. Let z be 3/((-6)/(-4)) - (-84)/(-7 - -4). Give o(z).
-20
Let p = -34333 - -34348. Let m(r) = -r**2 + 12*r - 16. Determine m(p).
-61
Let f = -67 + 68. Let t be (1 + (-1)/1 - -1) + f. Suppose 0 = 3*w + 3*p - 18, 0 = -w + t*p - p + 10. Let r(x) = x - 9. What is r(w)?
-1
Suppose 72 = -5*w - m + 4*m, 4*w + 4*m + 64 = 0. Let f(k) = -k**3 - 16*k**2 - 14*k - 7. What is f(w)?
-22
Let z = 25425 + -25426. Let m(b) = 141*b**2 - 1. Calculate m(z).
140
Let r(z) = 15. Let p(f) = -f + 17. Let i(a) = 4*p(a) - 5*r(a). Determine i(-14).
49
Let p(x) = -x**3 - 6*x**2 + 13*x + 29. Suppose 4*k + 26 = 38, -5*k - 13 = 4*m. Calculate p(m).
-13
Let g(n) be the third derivative of n**4/3 - n**3/2 - 50*n**2 - 11. What is g(4)?
29
Let x(u) = u**3 + 18*u**2 - 18*u - 2. Let h = 6162 + -6181. Determine x(h).
-21
Suppose -10*g - 4 = 46. Let d(f) = -f**3 - 4*f**2 + 5*f + 9. Let m be d(g). Let u(w) = 8 + m*w**3 - 7*w - 8*w**3 - 2*w + 8*w**2. Calculate u(-9).
8
Let a = 201 + -193. Suppose 15 + 1 = -a*q. Let n(d) = 2*d**3 + 4*d**2 + 2*d - 2. Determine n(q).
-6
Suppose -p - 3*s = -8*s + 27, -24 = p - 2*s. Let i = p + 21. Let m(g) = 16*g**3 + g**2 - g - 1. Give m(i).
-15
Let z(i) = 5*i**2 + 79*i + 224. Let j be z(-3). Let x(r) = -10*r + 320. Calculate x(j).
0
Let s(j) = 4*j**3 - 2*j - 1. Suppose -12 = -4*w, -15*g + 12*g - 5*w = 285. Let l = 99 + g. What is s(l)?
-3
Let c(b) = -34*b + 23. Let y(u) = -8*u + 2. Let m(s) = -2*c(s) + 22*y(s). Calculate m(1).
-110
Let c(d) be the third derivative of -d**6/120 + d**5/120 + d**3/6 - d**2. Let p(j) be the first derivative of c(j). Suppose 3*f + 12*f = -15. Calculate p(f).
-4
Suppose 34*l - 39*l - 24 = 4*j, 4*j + 3*l = -40. Let w(z) = -3*z - 47. Calculate w(j).
1
Let j(o) = -o**2 + 4*o + 21. Let x(u) = 10*u**2 - 6*u - 41. Let p be x(-2). Give j(p).
-56
Let c be 19 + -1*((-3)/(-1) - 1). Let t(m) = -3 + m**3 + 4 + 2*m**2 - c*m**3 + 2*m. Calculate t(-1).
17
Let m(x) = 1817 - 676 - x**2 - 604 - 633 + 19*x. What is m(9)?
-6
Let d be 256/448 - (1/7 + -1)/2. Let v(k) = -4*k**2 - 3*k + 6. Give v(d).
-1
Let s(b) = 2*b - 1. Let v(z) = z - 1. Let f(l) = 4*s(l) - 7*v(l). Let i(w) = -w**2 - 284*w - 4791. Let q be i(-18). Calculate f(q).
0
Let l(o) = o**3 + 4*o**2 - 5*o. Suppose 4*t = -3*i + 12, 4*i + 4*t - 22 = -2. Let b be ((-4)/i)/(343/56 + -6). Give l(b).
20
Let g(j) = 3*j**2 - 13*j - 17. Let u(t) = 16 + t + 6*t + 5*t - 2*t**2. Let p(d) = 3*g(d) + 4*u(d). What is p(-6)?
-5
Let g(i) = 9*i - i**3 - 8*i**2 + 1319 + 1339 - 2673. What is g(-9)?
-15
Let z(b) = b**2 + 3*b - 6. Suppose -5*a = -13*k + 9*k + 1195, 960 = -4*a + 4*k. Let n be a/45 + (-2)/(-9). Determine z(n).
4
Let z(j) = 859*j + 6013. Let y be z(-7). Let c(q) be the third derivative of 1/60*q**5 + 7/6*q**3 + 1/6*q**4 + 26*q**2 + y + 0*q. Calculate c(-5).
12
Let k(l) = l**3 + 10*l**2 + 16*l - 8. Suppose 0 = 40*r - 42*r + 5*w + 7, 3*r + 8*w = -67. Calculate k(r).
-71
Let v(t) = t**3 - 8*t**2 - 8*t - 9. Suppose -4*p = -2*a + 116, -114 = -2*a + 5*p - 0. Suppose 0 = -11*n + 37 + a. Calculate v(n).
0
Let w be 5/15*-3 - 8. Let z(p) = p**3 + 9*p**2 - 2*p - 7. Let o be z(w). Let t(g) = g + 13 - o + 5. Calculate t(-7).
0
Let v(d) = -13*d + 339. Let h(m) = 24*m - 591. Let w(k) = -4*h(k) - 7*v(k). Suppose 0 = -5*c - 2*a - 22, -4*c + a = 5*a + 8. What is w(c)?
21
Let d(o) = 1428*o + 1419*o + 7 - 2*o**2 - o**3 + 1426*o - 4267*o. Calculate d(-5).
52
Let r(c) = -29 - 18*c + 14*c + 2*c. Let z be r(-15). Let l(t) = 4*t - z - 5*t + 2. What is l(1)?
0
Let v(q) be the third derivative of -q**5/60 + 7*q**4/24 + 7*q**3/2 + 5*q**2 + 3. What is v(10)?
-9
Let h(g) = -785*g - 782*g + 23 - 7*g**2 + 1486*g. Give h(-12).
-13
Let w = 199 + -176. Let m(f) = -1 - 3 - 21*f - 2 + w*f. Give m(4).
2
Let f(p) = 12*p + 124. Let u be f(-11). Let l be (1/4)/(u/(-16))*6. Let o(s) = -5*s + 9. Give o(l).
-6
Let m(l) = -14*l - 9 - 8*l**2 + 6*l - 1 - 2*l**3 + l**3. Let v = -45 - -108. Let w = v + -70. What is m(w)?
-3
Let r(n) = -n**2 + 4*n + 3. Let w(q) = -q + 9. Suppose -11*x + 14 = -9*x. Let m be w(x). Suppose -6 = -m*a, -4*a = 3*s + a - 27. What is r(s)?
3
Let f(z) = -142 + 9*z + 3*z**2 - 19*z + 38 + 48 + z**3 + 48. What is f(-6)?
-56
Let x(g) = -28*g**2 + 25*g - 64. Let h(v) = -75*v**2 + 75*v - 190. Let a(y) = -3*h(y) + 8*x(y). Determine a(22).
-8
Let s be (170/(-204))/(1/(-12)). Let a = s - 12. Let t(i) be the second derivative of i**4/6 + i**3/3 + 3*i**2/2 + 2*i. Give t(a).
7
Let o(c) = 14*c - 7. Let q(r) = -r**3 + 5*r**2 - 46*r + 121. Let y be q(3). Give o(y).
7
Let v = 42607 + -42606. Let h(s) = s**3 + 2*s + 3 - 2*s**3 - s**2 - 4. Give h(v).
-1
Let r(w) = w**2 - 9*w - 7. Let g be (-50)/(-15)*126/10. Let d(t) = -t**2 + 49*t - 282. Let o be d(g). Give r(o).
29
Let y(j) be the third derivative of -j**6/60 + j**4/24 + j**3/3 - 247*j**2. Let k = 36 - 18. Suppose 2*x - 2*r - k = -2*x, x + 3*r = -13. What is y(x)?
-12
Let p be 9/(-6) + 1/(-2). Let f be (0/2)/p + 9. Let m(l) = -4*l**3 + 2*l**3 + 10*l**2 - f*l + l - 7 + l**3. Calculate m(9).
2
Suppose -11 - 10 = -3*a. Let l be -15*(-72)/27 - (-10)/(-2). Let r(b) = -11 + 8*b + 37 - b**2 - l. Calculate r(a).
-2
Let k(b) = 2*b + 2. Let d be k(-2). Let n(u) = u**3 + 8*u**2 + u + 3. Let o(x) = -x**2 - 1. Let p(w) = -n(w) - 5*o(w). Determine p(d).
0
Let o(k) be the second derivative of k**4/12 - 2*k**3/3 + 7*k**2/2 - 1485*k - 3. Determine o(-4).
39
Let y(r) = -2*r + 1. Let t(q) = q**2 + 13*q + 22. Let s be t(-10). Let f(g) = g**3 + 10*g**2 + 16*g - 3. Let m be f(s). Determine y(m).
7
Let p = -269 + 294. Suppose z + p = 11*l - 7*l, 3*z - 2 = l. Let y(n) = n**2 - 11*n + 6. What is y(l)?
-22
Let o(g) be the first derivative of 21*g**2/2 - 155*g + 1280. What is o(8)?
13
Let n be ((-132)/(-110) - 3)/((-6)/10). Let w(g) = 7*g - 12. Calculate w(n).
9
Let u(o) be the third derivative of o**4/24 - 5*o**3/2 + 181*o**2 + 14. What is u(9)?
-6
Let y(x) = -5*x - 1. Let u be (-396)/14 + -2 + 16/7. Let j = u + 35. Suppose 0 = -j*z + 28. Give y(z).
-21
Suppose 26*w + 802 = 11*w + 247. Let a(h) = -h**3 - 40*h**2 - 108*h + 114. Determine a(w).
3
Let c(h) = -5*h**3 + 2*h**2 - 2*h - 1. Let q be 1 + 2 + -4 - -3. Let j(x) = 10*x**3 - 6*x**2 + 4*x + 2. Let o(l) = q*j(l) + 5*c(l). Give o(-1).
4
Let f(m) be the third derivative of m**6/120 + m**5/60 - m**3/3 - m**2 - 2565*m. Suppose 0 = -4*y + 4, 4*v - 5*y - 5 = -2. Suppose 0 = -k + v*k. Determine f(k).
-2
Let k(d) = 1 + 2 + 2 - 13*d - 16 + 7. What is k(-5)?
61
Let m(a) = -a**2 + 6*a + 6. Suppose -3*c + 28 = -8. Suppose k = -4*i - c, 5*k + 9 = -2*i - i. Suppose 6*r + 3*r - 63 = k. What is m(r)?
-1
Let a be 3/(2 + 1) + 2 + 1. Suppose 2*p = i + a*p - 10, 0 = 4*p - 20. Let s(w) = i*w - 3*w + 4*w. What is s(-3)?
-3
Let n(v) = 4*v**3 + 3*v**2 + v + 3. Let i(b) = -b**3. Let x(a) = 3*i(a) + n(a). Let y be 44/6*(-51)/(-2) - -1. Let w = -191 + y. Determine x(w).
0
Let j(b) be the second derivative of 1/12*b**4 - 1/20*b**5 - 59*b - b**2 + 1/2*b**3 + 0. Calculate j(2).
0
Let h(a) be the third derivative of -a**6/120 - 13*a**5/60 - 7*a**4/12 - 9*a**3/2 + 475*a**2. Determine h(-12).
-3
Let v(z) = -38*z - 37*z - 1 + 73*z. Let g(d) = -4*d. Let k(f) = -g(f) - 3*v(f). Determine k(-2).
-17
Let w = -77 + -21. Let j = w - -99. Let a be (-8)/(-2) + (-7 - j). Let m(i) = -i**3 - 5*i**2 - 5*i - 4. What is m(a)?
0
Let l(a) = -a**3 - 4*a**2 + a + 2. Let w(d) = 13*d**3 + 43*d**2 - 22*d - 18. Let i(r) = 12*l(r) + w(r). Give i(7).
34
Let a = 81 - 80. Let l(d) = 12*d + 3. Let o be l(a). Let i(b) = o - 8*b - 18 + 2*b - b**2. Calculate i(-5).
2
Suppose 2*w - 7*w = -4*w. Suppose 2*q = -3*b + b + 20, w = q - 4*b + 5. Let c(k) = k**3 - 7*k**2 + k - 6. Calculate c(q).
1
Let p(n) = -3*n**2 - 7*n - 22. Let s(u) = -4*u**2 - u + 10. Let j(q) = p(q) - s(q). What is j(-7)?
59
Let g be (((-324)/(-30)